(m) = -m**2 + m + 5. Let p(c) = 2*c + 3*c - 4*c - 2*c. Let o(d) = 4*p(d) + s(d). Determine o(l).
-5
Let v(s) = -3*s + s**2 - 2 - 7 + 2*s. Suppose -18*j - 5*p = -19*j - 15, 6 = -3*j + 2*p. Calculate v(j).
-9
Let g(t) = 6*t**2 - 3. Let s(q) = -1. Let k be (-6)/(-4)*(-16)/6. Let z(m) = k*s(m) + g(m). Give z(1).
7
Let w(a) = 3*a + 6. Suppose 0 = -3*n - 16 - 20. Let m = -5 - n. Let d(v) = v**3 - 6*v**2 - 8*v + 3. Let f be d(m). Determine w(f).
-6
Let i(v) = -v**2 + 8*v - 2. Let r = -150 - -157. Determine i(r).
5
Let c(d) = 6*d**2 + 4 - 8 - 68*d**3 + 69*d**3 - 7*d. Determine c(-7).
-4
Let f be (-15)/(-10) - 23/(-2). Let h = f - 17. Let b(t) = -t**3 - 3*t**2 + 4*t + 1. What is b(h)?
1
Let i(d) = d**2 - 7*d + 7. Let v be 8*((-60)/16)/(-5). Give i(v).
1
Suppose -5*x = 25, 2*x - 34 = -3*m + 4*x. Suppose 0 = f - 5*f - m. Let i(p) be the third derivative of 5*p**4/24 - p**3/3 + p**2. Give i(f).
-12
Suppose -4*a + 0*i = -5*i + 13, 0 = -2*a + 2*i - 4. Let k(f) = -3 + 3*f - f**2 + 3*f + 8 - 3. Calculate k(a).
11
Let x(d) = -3*d - 2. Let k(v) = -v + 5. Let p be k(7). Let b = p - -3. Let g = -1 - b. Determine x(g).
4
Let a(d) = -d**2 - d**3 - 4*d**2 + 110*d - 2 - 106*d. What is a(-6)?
10
Suppose 5*x - 47 = 4*k + 70, 5*x = -5*k - 90. Let g = k + 25. Let v(a) = -a**3 + 2*a**2 - 3*a + 3. What is v(g)?
-3
Let i(v) be the third derivative of -v**6/120 - v**5/20 + 5*v**4/24 + v**3/2 - 2*v**2. Suppose -15 = 5*j - 10*j. Let p be 2 - (0/j + 6). Give i(p).
-1
Let t(y) = -4*y - 1. Let z = -9 + 5. Suppose 2*s = 6*s - 20. Let b be (z/s)/(8/20). Give t(b).
7
Let b(d) = d - 2. Let n be b(5). Let w(t) = -4 + 2*t**2 - 3*t**n - 5*t - 1 + 2*t**3 + 4*t**2. Suppose -p = -2 - 3. Determine w(p).
-5
Let g(f) = f**3 - 9*f**2 + f - 5. Let m be g(9). Suppose i + m*o = 0, -5*o + 1 + 2 = 2*i. Let p(y) = 1 - 2*y + 0 + y. Determine p(i).
-3
Let z(s) = -3 - 1 - 6*s**2 + 6 + 0. Determine z(2).
-22
Let b = -1 - 4. Let q(v) = 2*v**2 - 4*v + 6. Let m(p) = 2*p**2 - 4*p + 5. Let o(j) = b*m(j) + 4*q(j). Determine o(3).
-7
Let r(s) = -26*s + 1 - 42*s - 18*s + 106*s. Give r(-1).
-19
Let o(c) = c**3 - 5*c**2 - 3*c + 3. Let s = 51 - 45. Give o(s).
21
Let i(t) = -t**2 - 5*t + 3. Let j be ((-2)/(-3)*-1)/((-3)/(-18)). Determine i(j).
7
Suppose 6*d - d + 40 = 3*s, -2*d - 30 = -4*s. Let t(h) = -255*h + 5 - 1 + 1 + 253*h. What is t(s)?
-5
Let m(l) = l**2 - 1. Let v be (4/8)/(1/12). Let x(a) = -5*a**2 - 2*a + 9. Let o(q) = v*m(q) + x(q). What is o(3)?
6
Let l(n) = -n**2 - 11. Let k = 126 - 126. Calculate l(k).
-11
Let f(m) = 3*m**3 - 4*m**2 - 2*m + 7. Let x(z) = -5*z**3 + 8*z**2 + 4*z - 13. Let i(s) = -7*f(s) - 4*x(s). Suppose -5*o = -3*o + 6. Calculate i(o).
0
Let p(z) = z**3 + 8*z**2 + 2. Let x be p(-8). Suppose -4*u + 0*v = x*v, 2*u = 4*v. Let r(n) = -n**2 + n - 9. Determine r(u).
-9
Let h(y) = 24 + y + 0*y - 9. What is h(0)?
15
Let j = 0 - -3. Let k(q) = -9*q**3 + q - 4*q**3 + 2 + 11*q**j - 3*q**2. What is k(-2)?
4
Let b(v) be the second derivative of -v**6/120 - v**5/12 - v**4/12 - 5*v**3/6 + 5*v**2/2 + v. Let r(c) be the first derivative of b(c). What is r(-5)?
5
Let k(t) be the first derivative of 3 - 3*t - 3/2*t**2 + 1/6*t**3. Let b(n) be the first derivative of k(n). What is b(3)?
0
Let y(n) = -n**2 + n - 2. Let q = -7 + 11. Calculate y(q).
-14
Let y(d) be the first derivative of -2*d**2 - 2*d - 9. Calculate y(-4).
14
Suppose 4*g - 3*z = -z + 24, 5*g = 4*z + 33. Let v(o) = -35*o + 34*o - g + 2. What is v(-5)?
2
Let u be (-4)/6 - 52/(-6). Suppose 0 = -2*x, -5*x - 32 = -4*i - u. Let o(f) = -f**3 + 6*f**2 + 2*f - 3. Determine o(i).
9
Let u(f) = -f - 4*f + 5*f**2 + 5*f**3 + 11*f**2 + 9. Suppose 4*j + 8 = -0*j. Let s(t) = t**3 + 4*t**2 - t + 2. Let x(i) = j*u(i) + 9*s(i). Determine x(4).
4
Let a(u) = 3*u - 13. Suppose t + 4 = 0, 3*t - t = -4*d. Let v(j) = j - 4. Let q(h) = d*a(h) - 7*v(h). Calculate q(-6).
8
Suppose 0 = -4*n + 5*g + 15, 0 = -2*n - 2*g + 12. Let l(c) be the third derivative of -c**6/120 + c**5/10 - c**4/12 - 5*c**3/6 - 13*c**2. Calculate l(n).
10
Let x = 0 - -1. Let r(d) = x - 2 - 1 - d. Let q be ((-2)/(-4))/((-1)/(-10)). What is r(q)?
-7
Let x = 5 + -9. Let r(k) = k**2 + 6*k - 5. Let c(q) = -q**2 - 6*q + 6. Let n(z) = -5*c(z) - 6*r(z). Determine n(x).
8
Let q(v) be the third derivative of -5*v**4/12 + v**3/6 + 7*v**2. Determine q(1).
-9
Let f be ((-9)/3 + 4)*1. Let b(z) = -13*z**3 + 2*z**2 - 2*z + 1. Determine b(f).
-12
Let i be 2/(-6)*90/(-5). Let a(k) = -2*k - 1 + k + k**2 + 0*k + i*k**3. What is a(-1)?
-5
Let g(p) be the first derivative of -p**4/4 + p**3/3 - 2*p + 3. Give g(-2).
10
Let u(d) be the third derivative of d**5/60 + 7*d**4/24 - d**3/6 - d**2. Let z(v) = 3*v + 21. Let l be z(-9). Calculate u(l).
-7
Let v(h) be the third derivative of -h**4/12 + h**3/6 + h**2. Let t(i) = -i**2 - 8*i + 3. Let l be t(-8). Determine v(l).
-5
Let h(z) = -4*z**2 - 6*z + 3. Let y(v) = -9*v**2 - 13*v + 8. Let q(j) = -7*h(j) + 3*y(j). Give q(-5).
13
Let a(n) = 2 - 1 + 7*n - n**2 + 2. Give a(6).
9
Let g(m) = m**2 - 3*m + 1. Let n(w) = 4*w + 3 + 3*w**2 + 0*w - 3*w - 7*w. Let o(b) = 5*g(b) - 2*n(b). Determine o(-1).
1
Let t(b) = b**2 + 6*b - 1. Let u(i) be the first derivative of -i**4/4 + i**3 - 2*i + 2. Let g be u(2). Suppose -o - g*o = 15. Give t(o).
-6
Suppose -2*k = 3*s + 5, 6*k - 5 = 5*k + s. Suppose 5*u = k*l + 63, 4*u - 25 = 2*l + 25. Suppose -3 = 5*o - u. Let w(f) = 5*f - 2. Determine w(o).
8
Let f(v) = 3*v**2 + 21*v. Let x(t) = 2*t**2 + 14*t. Let k(m) = -5*f(m) + 8*x(m). Let p be (4/8)/((-1)/8). Let s be 30/p + 18/12. Give k(s).
-6
Let d(n) = -n**3 + 8*n**2 + 3. Let x be d(8). Let s(a) = 2*a**3 - a**2 + 2*a + 1. Let o(i) = i**3 - 2*i**2 + 2*i + 2. Let c(v) = x*o(v) - 2*s(v). Give c(-4).
-4
Let i(n) be the second derivative of n**3/2 + 3*n**2/2 + 34*n. Give i(4).
15
Let x(m) = -7*m**3 + 5*m**2 + 2*m + 9. Let o(n) = n**3 - n - 1. Let v(s) = 6*o(s) + x(s). Give v(3).
9
Let w(r) = -r**2. Let p = -5 - -8. Let v(j) = 2*j**2 - 2*j + 3. Let u(h) = p*w(h) + v(h). Let b(s) = 2*s**3 - 28*s**2 + s - 12. Let o be b(14). What is u(o)?
-5
Let y(u) = -7*u - 12. Let n(g) = g + 1. Let s(l) = 6*n(l) + y(l). Determine s(-6).
0
Suppose h = -2*h. Let f(t) be the second derivative of -t**8/6720 - t**7/2520 - t**6/720 - t**4/6 + 2*t. Let d(v) be the third derivative of f(v). What is d(h)?
0
Let s(i) = i**3 + 7*i**2 + 7*i + 9. Let a be s(-6). Let g(t) = 3*t**3 + 2 - a - 2*t**2 - 2*t - 2*t**3. Determine g(-1).
-2
Let x(c) = c**3 - 4*c**2 + 2*c + 2. Let h be 6/(-15) - (-36)/(-10). Let w = h - -6. Suppose -w*q + 0*q + 8 = 0. Give x(q).
10
Let u(y) = 10*y**2 - 18*y - 10. Let l(s) = -7*s**2 + 12*s + 7. Let x(g) = -7*l(g) - 5*u(g). What is x(7)?
-6
Let s(i) = 15*i. Let a(g) be the third derivative of -g**4/24 + g**2. Suppose u = 4*k + 3 - 0, 2*k = 2*u. Let w(d) = u*s(d) - 10*a(d). Determine w(1).
-5
Let z(a) = -15*a - 12. Let o(j) = -8*j - 7. Let w(r) = -11*o(r) + 6*z(r). Give w(5).
-5
Let b(m) = 3*m + 2. Let q(g) = -3*g - 1. Let n(t) = -5*b(t) - 6*q(t). Determine n(-3).
-13
Let t be 1*1/(2 - 1). Let o(c) = 3 + 4 + 3*c + t. Determine o(-6).
-10
Let l(s) = s**2 + 7*s + 8. Suppose 30*n = 25*n - 40. Calculate l(n).
16
Let s(i) = -2*i - 1. Let b = -7 + 3. Let g be s(b). Let c = 3 - g. Let x(z) = z**2 + 6*z + 6. Determine x(c).
-2
Suppose -6*l - 2*m + 8 = -3*l, -l - 16 = -4*m. Let t(q) = -q**2 + 1. Determine t(l).
1
Let v(w) be the first derivative of w**2/2 + 4*w - 1. Let r(z) = -2*z + 1. Let h be r(-2). Suppose -m + 3*s + 1 = -h, 3*m = 3*s + 12. Determine v(m).
7
Let d(a) = -2*a - 3. Suppose 0 = -4*q - t - t, -4*q - t = 0. Let m be q + (-12)/4 + 1. Calculate d(m).
1
Let s(l) = -8*l - 5. Let y(k) = -23*k - 14. Let w(p) = -11*s(p) + 4*y(p). Let a be (-5)/3 + (-2)/6. Calculate w(a).
7
Let x = 16 - 0. Suppose x = -l + 5*l. Suppose -u = u - l. Let a(p) = 3*p - 3. Calculate a(u).
3
Suppose 13 = 3*t - 4*z, 6*z = -3*t + z + 4. Let b(g) = 1 + 4*g + 0*g - 2 - g**t - 2*g. Determine b(1).
0
Let p(a) be the third derivative of a**5/60 - a**4/4 + 5*a**3/6 - 13*a**2. Suppose 3*h - 16 = -h. Determine p(h).
-3
Let t(u) = -2*u + 13. Let w be t(9). Let d(s) = -s**2 - 6*s + 6. Give d(w).
11
Suppose 5 = 3*s + z, 2 = -s - s + 2*z. Let x(a) = -a + a**3 - a**2 + 2*a - s - 2*a**3 + 7. What is x(0)?
6
Let c(u) = 241 - u**3 - 118 + 0*u - 6*u**2 - 1